{"id":14,"date":"2019-11-13T16:42:57","date_gmt":"2019-11-13T16:42:57","guid":{"rendered":"http:\/\/cercoselectricoscastelar.com.ar\/cercoselectricos\/?page_id=14"},"modified":"2019-11-21T15:24:37","modified_gmt":"2019-11-21T15:24:37","slug":"seguridad-perimetral","status":"publish","type":"page","link":"http:\/\/cercoselectricoscastelar.com.ar\/cercoselectricos\/seguridad-perimetral\/","title":{"rendered":"Seguridad Perimetral"},"content":{"rendered":"<p><strong>Que es la Seguridad Perimetral?<\/strong><\/p>\n<p>La seguridad perimetral corresponde a la integraci\u00f3n de elementos y sistemas, tanto electr\u00f3nicos como fisiscos y mecanicos, para la protecci\u00f3n de per\u00edmetros f\u00edsicos, detecci\u00f3n de tentativas de intrusi\u00f3n y\/o disuasi\u00f3n de intrusos en instalaciones especialmente sensibles.<\/p>\n<p>Entre estos sistemas destacan los cercos el\u00e9ctricos por su alto poder disuasivo.<\/p>\n<p><strong>Ventajas<\/strong><\/p>\n<p>Todos los Sistemas de Detecci\u00f3n Electr\u00f3nica dise\u00f1ados por E17 \u00a0son aptos para todo tipo de per\u00edmetros.<\/p>\n<p>Detectan las se\u00f1ales provenientes del per\u00edmetro delimitado generadas por factores como intentos de intrusi\u00f3n, escalamiento, golpes, pisadas o cortes de alambrado.<\/p>\n<ol>\n<li>Bajo costo.<\/li>\n<li>Instalaci\u00f3n sencilla.<\/li>\n<li>Confiables.<\/li>\n<li>Libres de mantenimiento.<\/li>\n<li>Generan detecci\u00f3n anticipada permitiendo tomar acciones preventivas.<\/li>\n<li>Adaptables a las condiciones topogr\u00e1ficas m\u00e1s diversas.<\/li>\n<li>Aptos para ser instalados en todo tipo de protecci\u00f3n f\u00edsica.<\/li>\n<\/ol>\n<p><strong>Aplicaciones<\/strong><\/p>\n<p>La gran variedad de condiciones clim\u00e1ticas, las distintas condiciones del suelo y la topograf\u00eda de los sitios a proteger requieren de tecnolog\u00edas altamente confiables y probadas, como s\u00f3lo E17 Cercos El\u00e9ctricos puede ofrecerle.<\/p>\n<p>A trav\u00e9s de sus distintos productos y sistemas, la empresa proporciona cobertura eficaz ante cualquier intento de intrusi\u00f3n a trav\u00e9s de un per\u00edmetro, lo cual le permite al guardia de seguridad o encargado o jefe de \u00e1rea tomar acciones preventivas manteniendo al intruso lejos de lugares cr\u00edticos.<\/p>\n<p>Los Sistemas de Cercos Electricos y Energizadores CSE17 ULTRA FORCE FACILITY , junto con el software de integraci\u00f3n de E17 Camara Seguridad permiten la protecci\u00f3n eficaz de sitios como campos, silos, terminales portuarias y aeroportuarias, estaciones de telecomunicaciones, casas y countries, entre otros.<\/p>\n<p>Si\u00e9ntase seguro con E17 Cercos El\u00e9ctricos somo profesionales de la seguridad!<\/p>\n<p>Cons\u00faltenos que estamos comprometidos con su tranquilidad y protecci\u00f3n!<\/p>\n<p>Asesoramiento sin cargo!<\/p>\n<p>Visitas de relevamiento de Seguridad sin cargo, nuestro asesor lo visitara y le dar\u00e1 sin cargo un protocolo para optimizar la seguridad de su propiedad!<\/p>\n<p><strong>La seguridad no espera, ll\u00e1menos ahora al 11-5180-3673<\/strong><\/p>\n<p>Muchas gracias<\/p>\n","protected":false},"excerpt":{"rendered":"<p>Que es la Seguridad Perimetral? La seguridad perimetral corresponde a la integraci\u00f3n de elementos y sistemas, tanto electr\u00f3nicos como fisiscos y mecanicos, para la protecci\u00f3n de per\u00edmetros f\u00edsicos, detecci\u00f3n de tentativas de intrusi\u00f3n y\/o disuasi\u00f3n de intrusos en instalaciones especialmente sensibles. Entre estos sistemas destacan los cercos el\u00e9ctricos por su alto poder disuasivo. Ventajas Todos [&hellip;]<\/p>\n","protected":false},"author":2,"featured_media":0,"parent":0,"menu_order":0,"comment_status":"closed","ping_status":"closed","template":"","meta":{"footnotes":""},"class_list":["post-14","page","type-page","status-publish","hentry"],"aioseo_notices":[],"_links":{"self":[{"href":"http:\/\/cercoselectricoscastelar.com.ar\/cercoselectricos\/wp-json\/wp\/v2\/pages\/14","targetHints":{"allow":["GET"]}}],"collection":[{"href":"http:\/\/cercoselectricoscastelar.com.ar\/cercoselectricos\/wp-json\/wp\/v2\/pages"}],"about":[{"href":"http:\/\/cercoselectricoscastelar.com.ar\/cercoselectricos\/wp-json\/wp\/v2\/types\/page"}],"author":[{"embeddable":true,"href":"http:\/\/cercoselectricoscastelar.com.ar\/cercoselectricos\/wp-json\/wp\/v2\/users\/2"}],"replies":[{"embeddable":true,"href":"http:\/\/cercoselectricoscastelar.com.ar\/cercoselectricos\/wp-json\/wp\/v2\/comments?post=14"}],"version-history":[{"count":4,"href":"http:\/\/cercoselectricoscastelar.com.ar\/cercoselectricos\/wp-json\/wp\/v2\/pages\/14\/revisions"}],"predecessor-version":[{"id":166,"href":"http:\/\/cercoselectricoscastelar.com.ar\/cercoselectricos\/wp-json\/wp\/v2\/pages\/14\/revisions\/166"}],"wp:attachment":[{"href":"http:\/\/cercoselectricoscastelar.com.ar\/cercoselectricos\/wp-json\/wp\/v2\/media?parent=14"}],"curies":[{"name":"wp","href":"https:\/\/api.w.org\/{rel}","templated":true}]}}